{"id":46,"date":"2015-10-05T14:12:06","date_gmt":"2015-10-05T14:12:06","guid":{"rendered":"http:\/\/piracicaba.comunicacaosindical.com\/?page_id=46"},"modified":"2025-02-06T11:47:21","modified_gmt":"2025-02-06T14:47:21","slug":"assistencia-medica","status":"publish","type":"page","link":"https:\/\/stiap.com.br\/stiap\/assistencia-medica\/","title":{"rendered":"Assist\u00eancia M\u00e9dica"},"content":{"rendered":"<p><strong>Assist\u00eancia M\u00e9dica: <\/strong>&nbsp;Cl\u00ednico Geral<\/p>\n<p>Hor\u00e1rio de Atendimento<\/p>\n<p>Sede Piracicaba:<\/p>\n<h4><strong>Toda Segunda e Sexta-feira.<\/strong><\/h4>\n<p>As consultas devem ser agendadas no mesmo dia \u00e0 partir das 8:00hs pelo telefone 3437-3700<\/p>\n<p>(Entrega das fichas por ordem de chegada).<\/p>\n","protected":false},"excerpt":{"rendered":"<p>Assist\u00eancia M\u00e9dica: &nbsp;Cl\u00ednico Geral Hor\u00e1rio de Atendimento Sede Piracicaba: Toda Segunda e Sexta-feira. As consultas devem ser agendadas no mesmo<\/p>\n","protected":false},"author":3,"featured_media":0,"parent":0,"menu_order":0,"comment_status":"closed","ping_status":"closed","template":"","meta":{"ngg_post_thumbnail":0,"_links_to":"","_links_to_target":""},"_links":{"self":[{"href":"https:\/\/stiap.com.br\/stiap\/wp-json\/wp\/v2\/pages\/46"}],"collection":[{"href":"https:\/\/stiap.com.br\/stiap\/wp-json\/wp\/v2\/pages"}],"about":[{"href":"https:\/\/stiap.com.br\/stiap\/wp-json\/wp\/v2\/types\/page"}],"author":[{"embeddable":true,"href":"https:\/\/stiap.com.br\/stiap\/wp-json\/wp\/v2\/users\/3"}],"replies":[{"embeddable":true,"href":"https:\/\/stiap.com.br\/stiap\/wp-json\/wp\/v2\/comments?post=46"}],"version-history":[{"count":3,"href":"https:\/\/stiap.com.br\/stiap\/wp-json\/wp\/v2\/pages\/46\/revisions"}],"predecessor-version":[{"id":5716,"href":"https:\/\/stiap.com.br\/stiap\/wp-json\/wp\/v2\/pages\/46\/revisions\/5716"}],"wp:attachment":[{"href":"https:\/\/stiap.com.br\/stiap\/wp-json\/wp\/v2\/media?parent=46"}],"curies":[{"name":"wp","href":"https:\/\/api.w.org\/{rel}","templated":true}]}}