{"id":48,"date":"2015-10-05T14:12:17","date_gmt":"2015-10-05T14:12:17","guid":{"rendered":"http:\/\/piracicaba.comunicacaosindical.com\/?page_id=48"},"modified":"2025-02-06T11:47:12","modified_gmt":"2025-02-06T14:47:12","slug":"assistencia-juridica","status":"publish","type":"page","link":"https:\/\/stiap.com.br\/stiap\/assistencia-juridica\/","title":{"rendered":"Assist\u00eancia Jur\u00eddica"},"content":{"rendered":"<p><strong>Assist\u00eancia Jur\u00eddica &#8211;<\/strong>&nbsp;D\u00favidas e Direitos trabalhistas.<\/p>\n<p><em>Hor\u00e1rio de Atendimento:<\/em><\/p>\n<p>Sede Piracicaba:<\/p>\n<p>Toda Ter\u00e7a-feira das 08:30hs \u00e0s 11:00hs;<\/p>\n<p>Toda Quarta-feira das 15:00hs \u00e0s 17:00hs.<\/p>\n","protected":false},"excerpt":{"rendered":"<p>Assist\u00eancia Jur\u00eddica &#8211;&nbsp;D\u00favidas e Direitos trabalhistas. Hor\u00e1rio de Atendimento: Sede Piracicaba: Toda Ter\u00e7a-feira das 08:30hs \u00e0s 11:00hs; Toda Quarta-feira das<\/p>\n","protected":false},"author":3,"featured_media":0,"parent":0,"menu_order":0,"comment_status":"closed","ping_status":"closed","template":"","meta":{"ngg_post_thumbnail":0,"_links_to":"","_links_to_target":""},"_links":{"self":[{"href":"https:\/\/stiap.com.br\/stiap\/wp-json\/wp\/v2\/pages\/48"}],"collection":[{"href":"https:\/\/stiap.com.br\/stiap\/wp-json\/wp\/v2\/pages"}],"about":[{"href":"https:\/\/stiap.com.br\/stiap\/wp-json\/wp\/v2\/types\/page"}],"author":[{"embeddable":true,"href":"https:\/\/stiap.com.br\/stiap\/wp-json\/wp\/v2\/users\/3"}],"replies":[{"embeddable":true,"href":"https:\/\/stiap.com.br\/stiap\/wp-json\/wp\/v2\/comments?post=48"}],"version-history":[{"count":9,"href":"https:\/\/stiap.com.br\/stiap\/wp-json\/wp\/v2\/pages\/48\/revisions"}],"predecessor-version":[{"id":5712,"href":"https:\/\/stiap.com.br\/stiap\/wp-json\/wp\/v2\/pages\/48\/revisions\/5712"}],"wp:attachment":[{"href":"https:\/\/stiap.com.br\/stiap\/wp-json\/wp\/v2\/media?parent=48"}],"curies":[{"name":"wp","href":"https:\/\/api.w.org\/{rel}","templated":true}]}}